{"id":6056,"date":"2021-06-09T14:41:12","date_gmt":"2021-06-09T12:41:12","guid":{"rendered":"https:\/\/biblioteca.umh.es\/?page_id=6056"},"modified":"2023-01-23T15:39:10","modified_gmt":"2023-01-23T14:39:10","slug":"prestamo-de-portatiles","status":"publish","type":"page","link":"https:\/\/biblioteca.umh.es\/ca\/servicios\/prestamo-2\/prestamo-de-portatiles\/","title":{"rendered":"Pr\u00e9stec d&#8217;ordinadors port\u00e0tils per a estudiants"},"content":{"rendered":"<p><a href=\"https:\/\/biblioteca.umh.es\/files\/2021\/06\/prestamo-de-port\u00e1tiles1.png\"><img loading=\"lazy\" class=\"aligncenter wp-image-6135\" src=\"https:\/\/biblioteca.umh.es\/files\/2021\/06\/prestamo-de-port\u00e1tiles1.png\" alt=\"\" width=\"160\" height=\"160\" srcset=\"https:\/\/biblioteca.umh.es\/files\/2021\/06\/prestamo-de-port\u00e1tiles1.png 225w, https:\/\/biblioteca.umh.es\/files\/2021\/06\/prestamo-de-port\u00e1tiles1-150x150.png 150w\" sizes=\"(max-width: 160px) 100vw, 160px\" \/><\/a><\/p>\n<p style=\"text-align: justify\"><strong>Pr\u00e9stec d&#8217;ordinadors port\u00e0tils per a estudiants<\/strong><\/p>\n<p style=\"text-align: justify\">Per a poder portar-te en pr\u00e9stec un ordinador port\u00e0til,&nbsp; has de buscar-lo en el nostre cat\u00e0leg <a href=\"https:\/\/dama.umh.es\/discovery\/search?vid=34CVA_UMH:VU1\">dama.umh.es<\/a> per a saber si hi ha disponibilitat i, a continuaci\u00f3,&nbsp; realitzar una reserva.<\/p>\n<p style=\"text-align: justify\"><strong>Indicacions per a poder buscar i reservar un ordinador port\u00e0til en el nostre cat\u00e0leg \u201cDAMA\u201d&nbsp;<\/strong><\/p>\n<p style=\"text-align: justify\">En la caixa de cerca que apareix per defecte en DAMA ingressar les paraules: <strong>&#8220;ordinador port\u00e1til&#8221;<\/strong>. Una vegada identificat\/a apareixer\u00e0 l&#8217;opci\u00f3 &#8220;Reservar&#8221;, seleccionar del desplegable la Biblioteca de recollida i punxar a ENVIAR SOL\u00b7LICITUD.<\/p>\n<h2>Per a saber m\u00e9s&#8230;<\/h2>\n<ul>\n<li><a href=\"https:\/\/biblioteca.umh.es\/files\/2009\/09\/NOT.-MODIFICACION-DEL-REGLAMENTO-DE-REGIMEN-INTERNO-DE-LA-BIBLIOTECA.pdf\">Normativa del Servici de Pr\u00e9stec<\/a><\/li>\n<\/ul>\n<h2>Relacionats&#8230;<\/h2>\n<ul>\n<li><a href=\"https:\/\/biblioteca.umh.es\/ca\/prestamo\/\">Pr\u00e9stec a domicili<\/a><\/li>\n<li><a href=\"https:\/\/biblioteca.umh.es\/ca\/servicios-al-investigador\/prestamo-interbibliotecario\/\">Pr\u00e9stec interbibliotecari<\/a><\/li>\n<li><a href=\"https:\/\/biblioteca.umh.es\/ca\/prestamo-2\/prestamo-intercampus\/\">Pr\u00e9stec intercampus<\/a><\/li>\n<li><a href=\"https:\/\/biblioteca.umh.es\/ca\/prestamo-2\/prestamo-consorciado-valenciano-buval\/\">Pr\u00e9stec BUVAL<\/a> (Bibliotecques Universit\u00e0ries Valencianes)<\/li>\n<li><a href=\"https:\/\/biblioteca.umh.es\/ca\/prestamo-2\/prestamo-e-book\/\">Pr\u00e9stec e-book<\/a><\/li>\n<li><a href=\"https:\/\/biblioteca.umh.es\/ca\/prestamo-2\/prestamo-a-alumni\/\">Pr\u00e9stec alumni<\/a> (antics alumnes UMH)<\/li>\n<\/ul>\n<p>&nbsp;<\/p>\n<p>&nbsp;<\/p>","protected":false},"excerpt":{"rendered":"<p>Pr\u00e9stec d&#8217;ordinadors port\u00e0tils per a estudiants<br \/>\nPer a poder portar-te en pr\u00e9stec un ordinador port\u00e0til,&nbsp; has de buscar-lo en el nostre cat\u00e0leg dama.umh.es per a saber si hi ha disponibilitat i, a continuaci\u00f3,&nbsp; realitzar una reserva.<br \/>\nIndicacions per a poder buscar i reservar un ordinador port\u00e0til en el nostre cat\u00e0leg \u201cDAMA\u201d&nbsp;<br \/>\nEn la caixa de cerca que apareix [&#8230;]<\/p>\n","protected":false},"author":3622,"featured_media":0,"parent":2168,"menu_order":1,"comment_status":"closed","ping_status":"closed","template":"","meta":{"ngg_post_thumbnail":0,"_links_to":"","_links_to_target":""},"_links":{"self":[{"href":"https:\/\/biblioteca.umh.es\/ca\/wp-json\/wp\/v2\/pages\/6056"}],"collection":[{"href":"https:\/\/biblioteca.umh.es\/ca\/wp-json\/wp\/v2\/pages"}],"about":[{"href":"https:\/\/biblioteca.umh.es\/ca\/wp-json\/wp\/v2\/types\/page"}],"author":[{"embeddable":true,"href":"https:\/\/biblioteca.umh.es\/ca\/wp-json\/wp\/v2\/users\/3622"}],"replies":[{"embeddable":true,"href":"https:\/\/biblioteca.umh.es\/ca\/wp-json\/wp\/v2\/comments?post=6056"}],"version-history":[{"count":0,"href":"https:\/\/biblioteca.umh.es\/ca\/wp-json\/wp\/v2\/pages\/6056\/revisions"}],"up":[{"embeddable":true,"href":"https:\/\/biblioteca.umh.es\/ca\/wp-json\/wp\/v2\/pages\/2168"}],"wp:attachment":[{"href":"https:\/\/biblioteca.umh.es\/ca\/wp-json\/wp\/v2\/media?parent=6056"}],"curies":[{"name":"wp","href":"https:\/\/api.w.org\/{rel}","templated":true}]}}

Préstec d&#8217;ordinadors portàtils per a estudiants

<p><a href="https://biblioteca.umh.es/files/2021/06/prestamo-de-portátiles1.png"><img loading="lazy" class="aligncenter wp-image-6135" src="https://biblioteca.umh.es/files/2021/06/prestamo-de-portátiles1.png" alt="" width="160" height="160" srcset="https://biblioteca.umh.es/files/2021/06/prestamo-de-portátiles1.png 225w, https://biblioteca.umh.es/files/2021/06/prestamo-de-portátiles1-150x150.png 150w" sizes="(max-width: 160px) 100vw, 160px" /></a></p>
<p style="text-align: justify"><strong>Préstec d&#8217;ordinadors portàtils per a estudiants</strong></p>
<p style="text-align: justify">Per a poder portar-te en préstec un ordinador portàtil,&nbsp; has de buscar-lo en el nostre catàleg <a href="https://dama.umh.es/discovery/search?vid=34CVA_UMH:VU1">dama.umh.es</a> per a saber si hi ha disponibilitat i, a continuació,&nbsp; realitzar una reserva.</p>
<p style="text-align: justify"><strong>Indicacions per a poder buscar i reservar un ordinador portàtil en el nostre catàleg “DAMA”&nbsp;</strong></p>
<p style="text-align: justify">En la caixa de cerca que apareix per defecte en DAMA ingressar les paraules: <strong>&#8220;ordinador portátil&#8221;</strong>. Una vegada identificat/a apareixerà l&#8217;opció &#8220;Reservar&#8221;, seleccionar del desplegable la Biblioteca de recollida i punxar a ENVIAR SOL·LICITUD.</p>
<h2>Per a saber més&#8230;</h2>
<ul>
<li><a href="https://biblioteca.umh.es/files/2009/09/NOT.-MODIFICACION-DEL-REGLAMENTO-DE-REGIMEN-INTERNO-DE-LA-BIBLIOTECA.pdf">Normativa del Servici de Préstec</a></li>
</ul>
<h2>Relacionats&#8230;</h2>
<ul>
<li><a href="https://biblioteca.umh.es/ca/prestamo/">Préstec a domicili</a></li>
<li><a href="https://biblioteca.umh.es/ca/servicios-al-investigador/prestamo-interbibliotecario/">Préstec interbibliotecari</a></li>
<li><a href="https://biblioteca.umh.es/ca/prestamo-2/prestamo-intercampus/">Préstec intercampus</a></li>
<li><a href="https://biblioteca.umh.es/ca/prestamo-2/prestamo-consorciado-valenciano-buval/">Préstec BUVAL</a> (Bibliotecques Universitàries Valencianes)</li>
<li><a href="https://biblioteca.umh.es/ca/prestamo-2/prestamo-e-book/">Préstec e-book</a></li>
<li><a href="https://biblioteca.umh.es/ca/prestamo-2/prestamo-a-alumni/">Préstec alumni</a> (antics alumnes UMH)</li>
</ul>
<p>&nbsp;</p>
<p>&nbsp;</p>

<p>Préstec d&#8217;ordinadors portàtils per a estudiants<br />
Per a poder portar-te en préstec un ordinador portàtil,&nbsp; has de buscar-lo en el nostre catàleg dama.umh.es per a saber si hi ha disponibilitat i, a continuació,&nbsp; realitzar una reserva.<br />
Indicacions per a poder buscar i reservar un ordinador portàtil en el nostre catàleg “DAMA”&nbsp;<br />
En la caixa de cerca que apareix [&#8230;]</p>
