{"id":524,"date":"2014-03-13T11:21:25","date_gmt":"2014-03-13T10:21:25","guid":{"rendered":"http:\/\/biblioteca.umh.es\/?page_id=524"},"modified":"2024-03-26T15:45:32","modified_gmt":"2024-03-26T14:45:32","slug":"docimoteca-2","status":"publish","type":"page","link":"https:\/\/biblioteca.umh.es\/ca\/docimoteca-2\/","title":{"rendered":"Docimoteca"},"content":{"rendered":"<p><\/p>\n<p style=\"text-align: justify\"><strong>NORMES DE FUNCIONAMENT DELS TEXTOS DE DOCIMOTECA:<\/strong><\/p>\n<ul style=\"text-align: justify\">\n<li style=\"text-align: justify\"><b>Horari d\u00b4atenci\u00f3:<\/b> dilluns i dimarts de 9 a 11 h. i dimecres i divendres de 15 a 17 h., pr\u00e8via cita a l\u00b4e-mail <a href=\"mailto:docimoteca@umh.es\">docimoteca@umh.es<\/a><\/li>\n<\/ul>\n<p style=\"padding-left: 40px;text-align: justify\">A fi d&#8217;agilitar la consulta i\/o pr\u00e9stec, si es coneix per endavant quina prova\/s es desitja consultar, ha d&#8217;indicar-se en l&#8217;e-mail de petici\u00f3 de cita.<\/p>\n<ul style=\"text-align: justify\">\n<li style=\"text-align: justify\">L&#8217;\u00fas prioritari de les proves disponibles en la Docimoteca \u00e9s la doc\u00e8ncia, enfront d&#8217;altres aplicacions com la investigaci\u00f3, el diagn\u00f2stic o la consulta. Aix\u00ed, en cas de coincid\u00e8ncia en el temps de diverses peticions de pr\u00e9stec d&#8217;una prova, <strong>tindr\u00e0 prefer\u00e8ncia l&#8217;\u00fas docent<\/strong>.<\/li>\n<\/ul>\n<ul style=\"text-align: justify\">\n<li style=\"text-align: justify\">El per\u00edode de pr\u00e9stec de les proves disponibles en la Docimoteca tindr\u00e0 una duraci\u00f3 d&#8217;un mes, aplicant-se les mateixes mesures correctores per l&#8217;incompliment dels terminis de devoluci\u00f3 que per a qualsevol altre tipus de document de la Biblioteca.<\/li>\n<\/ul>\n<ul style=\"text-align: justify\">\n<li style=\"text-align: justify\"><b>Consulta de la Docimoteca per:<\/b><\/li>\n<\/ul>\n<ol style=\"text-align: justify\">\n<li style=\"list-style-type: none\">\n<ol>\n<li style=\"list-style-type: none\">\n<ol>\n<li style=\"text-align: justify\">Professors amb la titulaci\u00f3 de Psicologia.<\/li>\n<li style=\"text-align: justify\">Professors amb altres titulacions relacionades amb l&#8217;\u00fas de proves d&#8217;avaluaci\u00f3 psicol\u00f2gica.<\/li>\n<li style=\"text-align: justify\">Estudiants de grau i postgrau de Psicologia.<\/li>\n<li style=\"text-align: justify\">Estudiants de grau i postgrau d\u00b4altres titulacions relacionades amb l&#8217;\u00fas de proves d&#8217;avaluaci\u00f3 psicol\u00f2gica, sempre que compten amb una autoritzaci\u00f3 per a realitzar aquesta consulta per part d&#8217;un professor responsable.<\/li>\n<\/ol>\n<\/li>\n<\/ol>\n<\/li>\n<\/ol>\n<ul style=\"text-align: justify\">\n<li style=\"text-align: justify\"><b>Pr\u00e9stec fora de la Docimoteca a: <\/b><\/li>\n<\/ul>\n<ol style=\"text-align: justify\">\n<li style=\"list-style-type: none\">\n<ol>\n<li style=\"list-style-type: none\">\n<ol>\n<li style=\"text-align: justify\">Professors del Departament de Psicologia de la Salut docents en grau i\/o postgrau de Psicologia.<\/li>\n<li style=\"text-align: justify\">Estudiants de postgrau de Psicologia i becaris d&#8217;investigaci\u00f3 de Psicologia, amb l&#8217;autoritzaci\u00f3 d&#8217;un professor que es far\u00e0 responsable d&#8217;aquest pr\u00e9stec.<br \/>\n<b><\/b><\/li>\n<\/ol>\n<\/li>\n<\/ol>\n<\/li>\n<\/ol>\n<ul style=\"text-align: justify\">\n<li style=\"text-align: justify\">Queda terminantment prohibit alterar el contingut del material. Els usuaris no podran escriure en cap cas en les fulles de resposta i\/o de perfil, com tampoc podran extraure cap de les parts o peces de les quals conste la prova. Corren per compte i c\u00e0rrec dels usuaris les despeses ocasionades per l&#8217;\u00fas indegut dels materials.<br \/>\n<b><\/b><\/li>\n<\/ul>\n<ul>\n<li style=\"text-align: justify\">Queda terminantment prohibit reproduir (fotocopiar, escanejar, fotografiar\u2026) cap dels continguts de les proves. Corre per compte i c\u00e0rrec dels usuaris la responsabilitat legal derivada dels drets de <em>copyright<\/em>.<\/li>\n<\/ul>\n<p><\/p>","protected":false},"excerpt":{"rendered":"<p>NORMES DE FUNCIONAMENT DELS TEXTOS DE DOCIMOTECA:<\/p>\n<p>Horari d\u00b4atenci\u00f3: dilluns i dimarts de 9 a 11 h. i dimecres i divendres de 15 a 17 h., pr\u00e8via cita a l\u00b4e-mail docimoteca@umh.es<\/p>\n<p>A fi d&#8217;agilitar la consulta i\/o pr\u00e9stec, si es coneix per endavant quina prova\/s es desitja consultar, ha d&#8217;indicar-se en l&#8217;e-mail de petici\u00f3 de cita.<\/p>\n<p>L&#8217;\u00fas prioritari [&#8230;]<\/p>\n","protected":false},"author":3622,"featured_media":0,"parent":0,"menu_order":9,"comment_status":"closed","ping_status":"open","template":"","meta":{"ngg_post_thumbnail":0,"_links_to":"","_links_to_target":""},"_links":{"self":[{"href":"https:\/\/biblioteca.umh.es\/ca\/wp-json\/wp\/v2\/pages\/524"}],"collection":[{"href":"https:\/\/biblioteca.umh.es\/ca\/wp-json\/wp\/v2\/pages"}],"about":[{"href":"https:\/\/biblioteca.umh.es\/ca\/wp-json\/wp\/v2\/types\/page"}],"author":[{"embeddable":true,"href":"https:\/\/biblioteca.umh.es\/ca\/wp-json\/wp\/v2\/users\/3622"}],"replies":[{"embeddable":true,"href":"https:\/\/biblioteca.umh.es\/ca\/wp-json\/wp\/v2\/comments?post=524"}],"version-history":[{"count":0,"href":"https:\/\/biblioteca.umh.es\/ca\/wp-json\/wp\/v2\/pages\/524\/revisions"}],"wp:attachment":[{"href":"https:\/\/biblioteca.umh.es\/ca\/wp-json\/wp\/v2\/media?parent=524"}],"curies":[{"name":"wp","href":"https:\/\/api.w.org\/{rel}","templated":true}]}}

<p></p>
<p style="text-align: justify"><strong>NORMES DE FUNCIONAMENT DELS TEXTOS DE DOCIMOTECA:</strong></p>
<ul style="text-align: justify">
<li style="text-align: justify"><b>Horari d´atenció:</b> dilluns i dimarts de 9 a 11 h. i dimecres i divendres de 15 a 17 h., prèvia cita a l´e-mail <a href="mailto:docimoteca@umh.es">docimoteca@umh.es</a></li>
</ul>
<p style="padding-left: 40px;text-align: justify">A fi d&#8217;agilitar la consulta i/o préstec, si es coneix per endavant quina prova/s es desitja consultar, ha d&#8217;indicar-se en l&#8217;e-mail de petició de cita.</p>
<ul style="text-align: justify">
<li style="text-align: justify">L&#8217;ús prioritari de les proves disponibles en la Docimoteca és la docència, enfront d&#8217;altres aplicacions com la investigació, el diagnòstic o la consulta. Així, en cas de coincidència en el temps de diverses peticions de préstec d&#8217;una prova, <strong>tindrà preferència l&#8217;ús docent</strong>.</li>
</ul>
<ul style="text-align: justify">
<li style="text-align: justify">El període de préstec de les proves disponibles en la Docimoteca tindrà una duració d&#8217;un mes, aplicant-se les mateixes mesures correctores per l&#8217;incompliment dels terminis de devolució que per a qualsevol altre tipus de document de la Biblioteca.</li>
</ul>
<ul style="text-align: justify">
<li style="text-align: justify"><b>Consulta de la Docimoteca per:</b></li>
</ul>
<ol style="text-align: justify">
<li style="list-style-type: none">
<ol>
<li style="list-style-type: none">
<ol>
<li style="text-align: justify">Professors amb la titulació de Psicologia.</li>
<li style="text-align: justify">Professors amb altres titulacions relacionades amb l&#8217;ús de proves d&#8217;avaluació psicològica.</li>
<li style="text-align: justify">Estudiants de grau i postgrau de Psicologia.</li>
<li style="text-align: justify">Estudiants de grau i postgrau d´altres titulacions relacionades amb l&#8217;ús de proves d&#8217;avaluació psicològica, sempre que compten amb una autorització per a realitzar aquesta consulta per part d&#8217;un professor responsable.</li>
</ol>
</li>
</ol>
</li>
</ol>
<ul style="text-align: justify">
<li style="text-align: justify"><b>Préstec fora de la Docimoteca a: </b></li>
</ul>
<ol style="text-align: justify">
<li style="list-style-type: none">
<ol>
<li style="list-style-type: none">
<ol>
<li style="text-align: justify">Professors del Departament de Psicologia de la Salut docents en grau i/o postgrau de Psicologia.</li>
<li style="text-align: justify">Estudiants de postgrau de Psicologia i becaris d&#8217;investigació de Psicologia, amb l&#8217;autorització d&#8217;un professor que es farà responsable d&#8217;aquest préstec.<br />
<b></b></li>
</ol>
</li>
</ol>
</li>
</ol>
<ul style="text-align: justify">
<li style="text-align: justify">Queda terminantment prohibit alterar el contingut del material. Els usuaris no podran escriure en cap cas en les fulles de resposta i/o de perfil, com tampoc podran extraure cap de les parts o peces de les quals conste la prova. Corren per compte i càrrec dels usuaris les despeses ocasionades per l&#8217;ús indegut dels materials.<br />
<b></b></li>
</ul>
<ul>
<li style="text-align: justify">Queda terminantment prohibit reproduir (fotocopiar, escanejar, fotografiar…) cap dels continguts de les proves. Corre per compte i càrrec dels usuaris la responsabilitat legal derivada dels drets de <em>copyright</em>.</li>
</ul>
<p></p>

<p>NORMES DE FUNCIONAMENT DELS TEXTOS DE DOCIMOTECA:</p>
<p>Horari d´atenció: dilluns i dimarts de 9 a 11 h. i dimecres i divendres de 15 a 17 h., prèvia cita a l´e-mail docimoteca@umh.es</p>
<p>A fi d&#8217;agilitar la consulta i/o préstec, si es coneix per endavant quina prova/s es desitja consultar, ha d&#8217;indicar-se en l&#8217;e-mail de petició de cita.</p>
<p>L&#8217;ús prioritari [&#8230;]</p>
