{"id":3284,"date":"2018-10-18T10:19:35","date_gmt":"2018-10-18T08:19:35","guid":{"rendered":"http:\/\/biblioteca.umh.es\/?page_id=3284"},"modified":"2024-11-27T16:36:28","modified_gmt":"2024-11-27T15:36:28","slug":"evaluacion-de-la-actividad-investigadora-de-transferencia-tecnologica-y-difusion-de-la-ciencia-umheaitt","status":"publish","type":"page","link":"https:\/\/biblioteca.umh.es\/ca\/servicios-al-investigador\/evaluacion-de-la-actividad-investigadora-de-transferencia-tecnologica-y-difusion-de-la-ciencia-umheaitt\/","title":{"rendered":"Gestor de curr\u00edculum UMH (EAITT)"},"content":{"rendered":"<p><\/p>\n<p style=\"text-align: justify\">La Universitat Miguel Hern\u00e1ndez d&#8217;Elx, a trav\u00e9s de la Biblioteca, disposa d&#8217;una aplicaci\u00f3 per a la <strong>Gesti\u00f3 de Curr\u00edculum (GC)<\/strong>, seguint la <a href=\"https:\/\/biblioteca.umh.es\/files\/2019\/01\/NORMATIVA-EN-VIGOR-GESTOR-CURRICULUM.pdf\" target=\"_blank\" rel=\"noopener\">normativa vigent<\/a>. El present barem permet l&#8217;avaluaci\u00f3 dels resultats en investigaci\u00f3, desenvolupament tecnol\u00f2gic o art\u00edstic i transfer\u00e8ncia tecnol\u00f2gica del personal docent i investigador (PDI) i personal investigador (PI) de la Universitat Miguel Hern\u00e0ndez d&#8217;Elx, aix\u00ed com dels grups d&#8217;investigaci\u00f3 reconeguts de la Universitat Miguel Hern\u00e0ndez d&#8217;Elx, \u00e0rees de coneixement, departaments i instituts universitaris durant l&#8217;any en curs. Ser\u00e0 responsabilitat de cada investigador el mantindre actualitzats els seus resultats en aquesta aplicaci\u00f3.<\/p>\n<p style=\"text-align: justify\">L&#8217;acc\u00e9s a l&#8217;aplicaci\u00f3 \u00e9s des de <strong>l&#8217;acc\u00e9s identificat<\/strong>, apartat investigaci\u00f3 i Gestor de sol\u00b7licituds EAITT.<\/p>\n<p style=\"text-align: justify\">El Servei de Biblioteques avaluar\u00e0 seguint la Normativa vigent l&#8217;alta dels registres sol\u00b7licitats i ho far\u00e0 en funci\u00f3 de les bases de dades.<\/p>\n<p style=\"text-align: justify\"><a href=\"https:\/\/biblioteca.umh.es\/files\/2019\/01\/NORMATIVA-EN-VIGOR-GESTOR-CURRICULUM.pdf\">Normativa de procediment d&#8217;avaluaci\u00f3 de l&#8217;activitat investigadora<\/a> (2017 en vigor)<\/p>\n<p style=\"text-align: justify\">En l&#8217;aplicaci\u00f3 de Gestor del Curr\u00edculum es podran sol\u00b7licitar les altes de:<\/p>\n<ul>\n<li style=\"text-align: justify\">Revistes no JCR<\/li>\n<li style=\"text-align: justify\">Ag\u00e8ncies de Control<\/li>\n<li style=\"text-align: justify\">Editorials\/Entitats\/Mitjos<\/li>\n<li style=\"text-align: justify\">Congressos<\/li>\n<li style=\"text-align: justify\">Espais Expositius<\/li>\n<li style=\"text-align: justify\">Esdeveniments<\/li>\n<li style=\"text-align: justify\">Activitats de Divulgaci\u00f3 Cient\u00edfica<\/li>\n<\/ul>\n<p>Contacta&#8217;ns en <a href=\"mailto:biblio.eaitt@umh.es\" target=\"_blank\" rel=\"noopener\">biblio.eaitt@umh.es<\/a><\/p>\n<h2>Relacionats\u2026<\/h2>\n<p><a href=\"https:\/\/biblioteca.umh.es\/files\/2019\/01\/NORMATIVA-EN-VIGOR-GESTOR-CURRICULUM.pdf\" target=\"_blank\" rel=\"noopener\">Normativa de procediment d\u00b4avaluaci\u00f3 de l\u00b4activitat investigadora<\/a> (2017 en vigor)<\/p>\n<p><a href=\"https:\/\/biblioteca.umh.es\/?page_id=11584&amp;preview=true\">Eines per avaluar l\u00b4activitat investigadora<\/a>&nbsp;<\/p>\n<p><a href=\"https:\/\/biblioteca.umh.es\/servicios-al-investigador\/gestor-de-curriculum-umh\/preguntas-frecuentes\/\">FAQ\u00b4s sobre el gestor de curr\u00edculum<\/a><\/p>","protected":false},"excerpt":{"rendered":"<p>La Universitat Miguel Hern\u00e1ndez d&#8217;Elx, a trav\u00e9s de la Biblioteca, disposa d&#8217;una aplicaci\u00f3 per a la Gesti\u00f3 de Curr\u00edculum (GC), seguint la normativa vigent. El present barem permet l&#8217;avaluaci\u00f3 dels resultats en investigaci\u00f3, desenvolupament tecnol\u00f2gic o art\u00edstic i transfer\u00e8ncia tecnol\u00f2gica del personal docent i investigador (PDI) i personal investigador (PI) de la Universitat Miguel Hern\u00e0ndez [&#8230;]<\/p>\n","protected":false},"author":3622,"featured_media":0,"parent":827,"menu_order":10,"comment_status":"closed","ping_status":"closed","template":"","meta":{"ngg_post_thumbnail":0,"_links_to":"","_links_to_target":""},"_links":{"self":[{"href":"https:\/\/biblioteca.umh.es\/ca\/wp-json\/wp\/v2\/pages\/3284"}],"collection":[{"href":"https:\/\/biblioteca.umh.es\/ca\/wp-json\/wp\/v2\/pages"}],"about":[{"href":"https:\/\/biblioteca.umh.es\/ca\/wp-json\/wp\/v2\/types\/page"}],"author":[{"embeddable":true,"href":"https:\/\/biblioteca.umh.es\/ca\/wp-json\/wp\/v2\/users\/3622"}],"replies":[{"embeddable":true,"href":"https:\/\/biblioteca.umh.es\/ca\/wp-json\/wp\/v2\/comments?post=3284"}],"version-history":[{"count":0,"href":"https:\/\/biblioteca.umh.es\/ca\/wp-json\/wp\/v2\/pages\/3284\/revisions"}],"up":[{"embeddable":true,"href":"https:\/\/biblioteca.umh.es\/ca\/wp-json\/wp\/v2\/pages\/827"}],"wp:attachment":[{"href":"https:\/\/biblioteca.umh.es\/ca\/wp-json\/wp\/v2\/media?parent=3284"}],"curies":[{"name":"wp","href":"https:\/\/api.w.org\/{rel}","templated":true}]}}

Gestor de currículum UMH (EAITT)

<p></p>
<p style="text-align: justify">La Universitat Miguel Hernández d&#8217;Elx, a través de la Biblioteca, disposa d&#8217;una aplicació per a la <strong>Gestió de Currículum (GC)</strong>, seguint la <a href="https://biblioteca.umh.es/files/2019/01/NORMATIVA-EN-VIGOR-GESTOR-CURRICULUM.pdf" target="_blank" rel="noopener">normativa vigent</a>. El present barem permet l&#8217;avaluació dels resultats en investigació, desenvolupament tecnològic o artístic i transferència tecnològica del personal docent i investigador (PDI) i personal investigador (PI) de la Universitat Miguel Hernàndez d&#8217;Elx, així com dels grups d&#8217;investigació reconeguts de la Universitat Miguel Hernàndez d&#8217;Elx, àrees de coneixement, departaments i instituts universitaris durant l&#8217;any en curs. Serà responsabilitat de cada investigador el mantindre actualitzats els seus resultats en aquesta aplicació.</p>
<p style="text-align: justify">L&#8217;accés a l&#8217;aplicació és des de <strong>l&#8217;accés identificat</strong>, apartat investigació i Gestor de sol·licituds EAITT.</p>
<p style="text-align: justify">El Servei de Biblioteques avaluarà seguint la Normativa vigent l&#8217;alta dels registres sol·licitats i ho farà en funció de les bases de dades.</p>
<p style="text-align: justify"><a href="https://biblioteca.umh.es/files/2019/01/NORMATIVA-EN-VIGOR-GESTOR-CURRICULUM.pdf">Normativa de procediment d&#8217;avaluació de l&#8217;activitat investigadora</a> (2017 en vigor)</p>
<p style="text-align: justify">En l&#8217;aplicació de Gestor del Currículum es podran sol·licitar les altes de:</p>
<ul>
<li style="text-align: justify">Revistes no JCR</li>
<li style="text-align: justify">Agències de Control</li>
<li style="text-align: justify">Editorials/Entitats/Mitjos</li>
<li style="text-align: justify">Congressos</li>
<li style="text-align: justify">Espais Expositius</li>
<li style="text-align: justify">Esdeveniments</li>
<li style="text-align: justify">Activitats de Divulgació Científica</li>
</ul>
<p>Contacta&#8217;ns en <a href="mailto:biblio.eaitt@umh.es" target="_blank" rel="noopener">biblio.eaitt@umh.es</a></p>
<h2>Relacionats…</h2>
<p><a href="https://biblioteca.umh.es/files/2019/01/NORMATIVA-EN-VIGOR-GESTOR-CURRICULUM.pdf" target="_blank" rel="noopener">Normativa de procediment d´avaluació de l´activitat investigadora</a> (2017 en vigor)</p>
<p><a href="https://biblioteca.umh.es/?page_id=11584&amp;preview=true">Eines per avaluar l´activitat investigadora</a>&nbsp;</p>
<p><a href="https://biblioteca.umh.es/servicios-al-investigador/gestor-de-curriculum-umh/preguntas-frecuentes/">FAQ´s sobre el gestor de currículum</a></p>

<p>La Universitat Miguel Hernández d&#8217;Elx, a través de la Biblioteca, disposa d&#8217;una aplicació per a la Gestió de Currículum (GC), seguint la normativa vigent. El present barem permet l&#8217;avaluació dels resultats en investigació, desenvolupament tecnològic o artístic i transferència tecnològica del personal docent i investigador (PDI) i personal investigador (PI) de la Universitat Miguel Hernàndez [&#8230;]</p>
